{"id":1000,"date":"2021-09-18T05:28:29","date_gmt":"2021-09-18T08:28:29","guid":{"rendered":"http:\/\/vsturismoportodegalinhas.com.br\/2021\/?page_id=1000"},"modified":"2025-10-29T12:43:23","modified_gmt":"2025-10-29T15:43:23","slug":"praia-dos-carneiros","status":"publish","type":"page","link":"https:\/\/vsturismoportodegalinhas.com.br\/2021\/praia-dos-carneiros\/","title":{"rendered":"Praia dos Carneiros"},"content":{"rendered":"\n<div class=\"wp-block-cover alignfull has-background-dim-70 has-white-background-color has-background-dim\" style=\"min-height:300px\"><img loading=\"lazy\" width=\"1200\" height=\"675\" class=\"wp-block-cover__image-background wp-image-1140\" alt=\"\" src=\"http:\/\/vsturismoportodegalinhas.com.br\/2021\/wp-content\/uploads\/2021\/09\/capa-praia-dos-carneiros.jpg\" data-object-fit=\"cover\" srcset=\"https:\/\/vsturismoportodegalinhas.com.br\/2021\/wp-content\/uploads\/2021\/09\/capa-praia-dos-carneiros.jpg 1200w, https:\/\/vsturismoportodegalinhas.com.br\/2021\/wp-content\/uploads\/2021\/09\/capa-praia-dos-carneiros-600x338.jpg 600w, https:\/\/vsturismoportodegalinhas.com.br\/2021\/wp-content\/uploads\/2021\/09\/capa-praia-dos-carneiros-300x169.jpg 300w, https:\/\/vsturismoportodegalinhas.com.br\/2021\/wp-content\/uploads\/2021\/09\/capa-praia-dos-carneiros-1024x576.jpg 1024w, https:\/\/vsturismoportodegalinhas.com.br\/2021\/wp-content\/uploads\/2021\/09\/capa-praia-dos-carneiros-768x432.jpg 768w\" sizes=\"(max-width: 1200px) 100vw, 1200px\" \/><div class=\"wp-block-cover__inner-container\">\n<div style=\"height:100px\" aria-hidden=\"true\" class=\"wp-block-spacer\"><\/div>\n\n\n\n<h4 class=\"has-text-color\" style=\"color:#5f7eb4\"><strong><strong>TRANSFER &nbsp; + PASSEIO DE CATAMAR\u00c3<\/strong> <\/strong><\/h4>\n\n\n\n<h1 class=\"has-text-color\" style=\"color:#5f7eb4\">PRAIA DOS CARNEIROS<\/h1>\n<\/div><\/div>\n\n\n\n<div class=\"wp-block-group alignfull has-background\" style=\"background-color:#f7f7f7\"><div class=\"wp-block-group__inner-container\">\n<div style=\"height:34px\" aria-hidden=\"true\" class=\"wp-block-spacer\"><\/div>\n\n\n\n<div class=\"wp-block-columns\">\n<div class=\"wp-block-column\">\n<h4 class=\"has-text-color\" style=\"color:#5f7eb4\">DESCRI\u00c7\u00c3O: <\/h4>\n\n\n\n<p>A Praia dos Carneiros \u00e9 uma das mais lindas e desejadas praias dos Brasil, com uma paisagem que \u00e9 formada por belos coqueirais, bancos de areia e&nbsp; piscinas naturais bel\u00edssimas, atrai e impressionam turistas de todo o mundo, que se encantam com este para\u00edso de \u00e1guas claras e cristalinas.<\/p>\n\n\n\n<p>Carneiros possui uma caracter\u00edstica r\u00fastica e selvagem, sua infraestrutura \u00e9 destaque para uma praia relativamente pequena, com cerca de 5 km de extens\u00e3o.<\/p>\n\n\n\n<p>Acapela de S\u00e3o Benedito, tamb\u00e9m conhecida como a Igrejinha de Carneiros, datada do s\u00e9culo XVIII, \u00e9 o principal cart\u00e3o postal da Praia dos Carneiros, fica \u00e0 beira-mar, ponto privilegiado, com uma maravilhosa vista para um para\u00edso encantador.<\/p>\n<\/div>\n<\/div>\n\n\n\n<div style=\"height:35px\" aria-hidden=\"true\" class=\"wp-block-spacer\"><\/div>\n\n\n\n<h3 class=\"has-text-align-center has-text-color\" style=\"color:#5f7eb4\">vALORES:<\/h3>\n\n\n\n<p><strong>VALOR DO TRANSFER &nbsp;+ PASSEIO DE CATAMAR\u00c3<\/strong><\/p>\n\n\n\n<figure class=\"wp-block-table is-style-stripes\"><table><tbody><tr><td><strong>R$ 150,00 <\/strong><\/td><td><strong>P<\/strong>OR PESSOA <\/td><\/tr><tr><td><\/td><td><\/td><\/tr><tr><td><\/td><td><\/td><\/tr><tr><td> <\/td><td><\/td><\/tr><tr><td><\/td><td><\/td><\/tr><\/tbody><\/table><figcaption> <\/figcaption><\/figure>\n\n\n\n<p>\u2605 O passeio de catamar\u00e3 tem dura\u00e7\u00e3o de 02 horas, com 03 paradas, banco de areia, banho de argila e Igrejinha.<\/p>\n\n\n\n<p><\/p>\n\n\n\n<p>\u200b\u2605 N\u00e3o  esta incluso day use, alimenta\u00e7\u00e3o ou bebidas.&nbsp; &nbsp;&nbsp; &nbsp; &nbsp; &nbsp; &nbsp; &nbsp; &nbsp; &nbsp; &nbsp; &nbsp; &nbsp; &nbsp; &nbsp; &nbsp;&nbsp; &nbsp; &nbsp; &nbsp; &nbsp; &nbsp; &nbsp;&nbsp;<\/p>\n\n\n\n<p>\u2605 Os valores informados s\u00e3o para sa\u00edda de Porto de Galinhas, Maraca\u00edpe e Muro Alto.<\/p>\n\n\n\n<div style=\"height:35px\" aria-hidden=\"true\" class=\"wp-block-spacer\"><\/div>\n\n\n\n<h4 class=\"has-text-align-center has-text-color\" style=\"color:#5f7eb4\">GALERIA DE IMAGEM:<\/h4>\n\n\n\n<div class=\"wp-block-columns alignwide\">\n<div class=\"wp-block-column\">\n<figure class=\"wp-block-gallery columns-3 is-cropped\"><ul class=\"blocks-gallery-grid\"><li class=\"blocks-gallery-item\"><figure><img loading=\"lazy\" width=\"1024\" height=\"576\" src=\"http:\/\/vsturismoportodegalinhas.com.br\/2021\/wp-content\/uploads\/2021\/09\/capa-praia-dos-carneiros-1024x576.jpg\" alt=\"\" data-id=\"1140\" data-full-url=\"http:\/\/vsturismoportodegalinhas.com.br\/2021\/wp-content\/uploads\/2021\/09\/capa-praia-dos-carneiros.jpg\" data-link=\"http:\/\/vsturismoportodegalinhas.com.br\/2021\/praia-dos-carneiros\/capa-praia-dos-carneiros\/\" class=\"wp-image-1140\" srcset=\"https:\/\/vsturismoportodegalinhas.com.br\/2021\/wp-content\/uploads\/2021\/09\/capa-praia-dos-carneiros-1024x576.jpg 1024w, https:\/\/vsturismoportodegalinhas.com.br\/2021\/wp-content\/uploads\/2021\/09\/capa-praia-dos-carneiros-600x338.jpg 600w, https:\/\/vsturismoportodegalinhas.com.br\/2021\/wp-content\/uploads\/2021\/09\/capa-praia-dos-carneiros-300x169.jpg 300w, https:\/\/vsturismoportodegalinhas.com.br\/2021\/wp-content\/uploads\/2021\/09\/capa-praia-dos-carneiros-768x432.jpg 768w, https:\/\/vsturismoportodegalinhas.com.br\/2021\/wp-content\/uploads\/2021\/09\/capa-praia-dos-carneiros.jpg 1200w\" sizes=\"(max-width: 1024px) 100vw, 1024px\" \/><\/figure><\/li><li class=\"blocks-gallery-item\"><figure><img loading=\"lazy\" width=\"1000\" height=\"667\" src=\"http:\/\/vsturismoportodegalinhas.com.br\/2021\/wp-content\/uploads\/2021\/09\/praia-dos-carneiros-8-atividades-imperdiveis-para-fazer-na-815b.jpg\" alt=\"\" data-id=\"1141\" data-full-url=\"http:\/\/vsturismoportodegalinhas.com.br\/2021\/wp-content\/uploads\/2021\/09\/praia-dos-carneiros-8-atividades-imperdiveis-para-fazer-na-815b.jpg\" data-link=\"http:\/\/vsturismoportodegalinhas.com.br\/2021\/praia-dos-carneiros\/praia-dos-carneiros-8-atividades-imperdiveis-para-fazer-na-815b\/\" class=\"wp-image-1141\" srcset=\"https:\/\/vsturismoportodegalinhas.com.br\/2021\/wp-content\/uploads\/2021\/09\/praia-dos-carneiros-8-atividades-imperdiveis-para-fazer-na-815b.jpg 1000w, https:\/\/vsturismoportodegalinhas.com.br\/2021\/wp-content\/uploads\/2021\/09\/praia-dos-carneiros-8-atividades-imperdiveis-para-fazer-na-815b-600x400.jpg 600w, https:\/\/vsturismoportodegalinhas.com.br\/2021\/wp-content\/uploads\/2021\/09\/praia-dos-carneiros-8-atividades-imperdiveis-para-fazer-na-815b-300x200.jpg 300w, https:\/\/vsturismoportodegalinhas.com.br\/2021\/wp-content\/uploads\/2021\/09\/praia-dos-carneiros-8-atividades-imperdiveis-para-fazer-na-815b-768x512.jpg 768w\" sizes=\"(max-width: 1000px) 100vw, 1000px\" \/><\/figure><\/li><li class=\"blocks-gallery-item\"><figure><img loading=\"lazy\" width=\"1000\" height=\"667\" src=\"http:\/\/vsturismoportodegalinhas.com.br\/2021\/wp-content\/uploads\/2021\/09\/12.jpg\" alt=\"\" data-id=\"1142\" data-full-url=\"http:\/\/vsturismoportodegalinhas.com.br\/2021\/wp-content\/uploads\/2021\/09\/12.jpg\" data-link=\"http:\/\/vsturismoportodegalinhas.com.br\/2021\/praia-dos-carneiros\/12-2\/\" class=\"wp-image-1142\" srcset=\"https:\/\/vsturismoportodegalinhas.com.br\/2021\/wp-content\/uploads\/2021\/09\/12.jpg 1000w, https:\/\/vsturismoportodegalinhas.com.br\/2021\/wp-content\/uploads\/2021\/09\/12-600x400.jpg 600w, https:\/\/vsturismoportodegalinhas.com.br\/2021\/wp-content\/uploads\/2021\/09\/12-300x200.jpg 300w, https:\/\/vsturismoportodegalinhas.com.br\/2021\/wp-content\/uploads\/2021\/09\/12-768x512.jpg 768w\" sizes=\"(max-width: 1000px) 100vw, 1000px\" \/><\/figure><\/li><\/ul><\/figure>\n\n\n\n<figure class=\"wp-block-gallery columns-3 is-cropped\"><ul class=\"blocks-gallery-grid\"><li class=\"blocks-gallery-item\"><figure><img loading=\"lazy\" width=\"1024\" height=\"575\" src=\"http:\/\/vsturismoportodegalinhas.com.br\/2021\/wp-content\/uploads\/2021\/09\/3782981729_d9e4facf45_o-1024x575.jpg\" alt=\"\" data-id=\"1143\" data-full-url=\"http:\/\/vsturismoportodegalinhas.com.br\/2021\/wp-content\/uploads\/2021\/09\/3782981729_d9e4facf45_o-scaled.jpg\" data-link=\"http:\/\/vsturismoportodegalinhas.com.br\/2021\/praia-dos-carneiros\/3782981729_d9e4facf45_o\/\" class=\"wp-image-1143\" srcset=\"https:\/\/vsturismoportodegalinhas.com.br\/2021\/wp-content\/uploads\/2021\/09\/3782981729_d9e4facf45_o-1024x575.jpg 1024w, https:\/\/vsturismoportodegalinhas.com.br\/2021\/wp-content\/uploads\/2021\/09\/3782981729_d9e4facf45_o-scaled-600x337.jpg 600w, https:\/\/vsturismoportodegalinhas.com.br\/2021\/wp-content\/uploads\/2021\/09\/3782981729_d9e4facf45_o-300x169.jpg 300w, https:\/\/vsturismoportodegalinhas.com.br\/2021\/wp-content\/uploads\/2021\/09\/3782981729_d9e4facf45_o-768x432.jpg 768w, https:\/\/vsturismoportodegalinhas.com.br\/2021\/wp-content\/uploads\/2021\/09\/3782981729_d9e4facf45_o-1536x863.jpg 1536w, https:\/\/vsturismoportodegalinhas.com.br\/2021\/wp-content\/uploads\/2021\/09\/3782981729_d9e4facf45_o-2048x1151.jpg 2048w\" sizes=\"(max-width: 1024px) 100vw, 1024px\" \/><\/figure><\/li><li class=\"blocks-gallery-item\"><figure><img loading=\"lazy\" width=\"1024\" height=\"768\" src=\"http:\/\/vsturismoportodegalinhas.com.br\/2021\/wp-content\/uploads\/2021\/09\/3783064663_6c3c9fb5b1_o-1024x768.jpg\" alt=\"\" data-id=\"1146\" data-full-url=\"http:\/\/vsturismoportodegalinhas.com.br\/2021\/wp-content\/uploads\/2021\/09\/3783064663_6c3c9fb5b1_o-scaled.jpg\" data-link=\"http:\/\/vsturismoportodegalinhas.com.br\/2021\/praia-dos-carneiros\/3783064663_6c3c9fb5b1_o\/\" class=\"wp-image-1146\" srcset=\"https:\/\/vsturismoportodegalinhas.com.br\/2021\/wp-content\/uploads\/2021\/09\/3783064663_6c3c9fb5b1_o-1024x768.jpg 1024w, https:\/\/vsturismoportodegalinhas.com.br\/2021\/wp-content\/uploads\/2021\/09\/3783064663_6c3c9fb5b1_o-scaled-600x450.jpg 600w, https:\/\/vsturismoportodegalinhas.com.br\/2021\/wp-content\/uploads\/2021\/09\/3783064663_6c3c9fb5b1_o-300x225.jpg 300w, https:\/\/vsturismoportodegalinhas.com.br\/2021\/wp-content\/uploads\/2021\/09\/3783064663_6c3c9fb5b1_o-768x576.jpg 768w, https:\/\/vsturismoportodegalinhas.com.br\/2021\/wp-content\/uploads\/2021\/09\/3783064663_6c3c9fb5b1_o-1536x1152.jpg 1536w, https:\/\/vsturismoportodegalinhas.com.br\/2021\/wp-content\/uploads\/2021\/09\/3783064663_6c3c9fb5b1_o-2048x1536.jpg 2048w\" sizes=\"(max-width: 1024px) 100vw, 1024px\" \/><\/figure><\/li><li class=\"blocks-gallery-item\"><figure><img loading=\"lazy\" width=\"1024\" height=\"768\" src=\"http:\/\/vsturismoportodegalinhas.com.br\/2021\/wp-content\/uploads\/2021\/09\/3783616956_6f5de16df3_o-1-1024x768.jpg\" alt=\"\" data-id=\"1148\" data-full-url=\"http:\/\/vsturismoportodegalinhas.com.br\/2021\/wp-content\/uploads\/2021\/09\/3783616956_6f5de16df3_o-1-scaled.jpg\" data-link=\"http:\/\/vsturismoportodegalinhas.com.br\/2021\/praia-dos-carneiros\/3783616956_6f5de16df3_o-2\/\" class=\"wp-image-1148\" srcset=\"https:\/\/vsturismoportodegalinhas.com.br\/2021\/wp-content\/uploads\/2021\/09\/3783616956_6f5de16df3_o-1-1024x768.jpg 1024w, https:\/\/vsturismoportodegalinhas.com.br\/2021\/wp-content\/uploads\/2021\/09\/3783616956_6f5de16df3_o-1-scaled-600x450.jpg 600w, https:\/\/vsturismoportodegalinhas.com.br\/2021\/wp-content\/uploads\/2021\/09\/3783616956_6f5de16df3_o-1-300x225.jpg 300w, https:\/\/vsturismoportodegalinhas.com.br\/2021\/wp-content\/uploads\/2021\/09\/3783616956_6f5de16df3_o-1-768x576.jpg 768w, https:\/\/vsturismoportodegalinhas.com.br\/2021\/wp-content\/uploads\/2021\/09\/3783616956_6f5de16df3_o-1-1536x1152.jpg 1536w, https:\/\/vsturismoportodegalinhas.com.br\/2021\/wp-content\/uploads\/2021\/09\/3783616956_6f5de16df3_o-1-2048x1536.jpg 2048w\" sizes=\"(max-width: 1024px) 100vw, 1024px\" \/><\/figure><\/li><\/ul><\/figure>\n<\/div>\n<\/div>\n<\/div><\/div>\n","protected":false},"excerpt":{"rendered":"<p>DESCRI\u00c7\u00c3O: A Praia dos Carneiros \u00e9 uma das mais lindas e desejadas praias dos Brasil, com uma paisagem que \u00e9 formada por belos coqueirais, bancos de areia e&nbsp; piscinas naturais bel\u00edssimas, atrai e impressionam turistas de todo o mundo, que se encantam com este para\u00edso de \u00e1guas claras e cristalinas. Carneiros possui uma caracter\u00edstica r\u00fastica &hellip;<\/p>\n<p class=\"read-more\"> <a class=\"\" href=\"https:\/\/vsturismoportodegalinhas.com.br\/2021\/praia-dos-carneiros\/\"> <span class=\"screen-reader-text\">Praia dos Carneiros<\/span> Leia mais &raquo;<\/a><\/p>\n","protected":false},"author":1,"featured_media":0,"parent":0,"menu_order":0,"comment_status":"closed","ping_status":"closed","template":"","meta":{"om_disable_all_campaigns":false,"_monsterinsights_skip_tracking":false,"_monsterinsights_sitenote_active":false,"_monsterinsights_sitenote_note":"","_monsterinsights_sitenote_category":0},"_links":{"self":[{"href":"https:\/\/vsturismoportodegalinhas.com.br\/2021\/wp-json\/wp\/v2\/pages\/1000"}],"collection":[{"href":"https:\/\/vsturismoportodegalinhas.com.br\/2021\/wp-json\/wp\/v2\/pages"}],"about":[{"href":"https:\/\/vsturismoportodegalinhas.com.br\/2021\/wp-json\/wp\/v2\/types\/page"}],"author":[{"embeddable":true,"href":"https:\/\/vsturismoportodegalinhas.com.br\/2021\/wp-json\/wp\/v2\/users\/1"}],"replies":[{"embeddable":true,"href":"https:\/\/vsturismoportodegalinhas.com.br\/2021\/wp-json\/wp\/v2\/comments?post=1000"}],"version-history":[{"count":21,"href":"https:\/\/vsturismoportodegalinhas.com.br\/2021\/wp-json\/wp\/v2\/pages\/1000\/revisions"}],"predecessor-version":[{"id":1486,"href":"https:\/\/vsturismoportodegalinhas.com.br\/2021\/wp-json\/wp\/v2\/pages\/1000\/revisions\/1486"}],"wp:attachment":[{"href":"https:\/\/vsturismoportodegalinhas.com.br\/2021\/wp-json\/wp\/v2\/media?parent=1000"}],"curies":[{"name":"wp","href":"https:\/\/api.w.org\/{rel}","templated":true}]}}